
7
What is the remainder when 967 is divided by 962?
5
Calculate the remainder when 440 is divided by 41.
30
Calculate the remainder when 610 is divided by 87.
1
Calculate the remainder when 127 is divided by 118.
9
Calculate the remainder when 116 is divided by 61.
55
What is the remainder when 39 is divided by 25?
14
What is the remainder when 72 is divided by 44?
28
Calculate the remainder when 80833 is divided by 255.
253
What is the remainder when 40 is divided by 21?
19
What is the remainder when 1090 is divided by 37?
17
What is the remainder when 340 is divided by 336?
4
Calculate the remainder when 11008 is divided by 15.
13
Calculate the remainder when 244 is divided by 35.
34
Calculate the remainder when 24077 is divided by 140.
137
What is the remainder when 394 is divided by 30?
4
Calculate the remainder when 322 is divided by 12.
10
Calculate the remainder when 348 is divided by 7.
5
Calculate the remainder when 811 is divided by 163.
159
What is the remainder when 101 is divided by 13?
10
Calculate the remainder when 79 is divided by 35.
9
What is the remainder when 29649 is divided by 13?
9
Calculate the remainder when 85 is divided by 18.
13
What is the remainder when 460 is divided by 14?
12
Calculate the remainder when 154 is divided by 24.
10
Calculate the remainder when 197 is divided by 51.
44
What is the remainder when 176 is divided by 51?
23
What is the remainder when 36 is divided by 9?
0
Calculate the remainder when 132 is divided by 30.
12
Calculate the remainder when 4283 is divided by 84.
83
Calculate the remainder when 103884 is divided by 119.
116
Calculate the remainder when 550 is divided by 148.
106
What is the remainder when 147 is divided by 55?
37
What is the remainder when 5300 is divided by 104?
100
Calculate the remainder when 933 is divided by 47.
40
What is the remainder when 227 is divided by 42?
17
Calculate the remainder when 22 is divided by 7.
1
What is the remainder when 98 is divided by 66?
32
Calculate the remainder when 1017 is divided by 337.
6
What is the remainder when 1590 is divided by 112?
22
Calculate the remainder when 1432 is divided by 6.
4
What is the remainder when 3166 is divided by 22?
20
Calculate the remainder when 383 is divided by 55.
53
Calculate the remainder when 144 is divided by 37.
33
Calculate the remainder when 6957 is divided by 772.
9
What is the remainder when 11 is divided by 6?
5
Calculate the remainder when 963 is divided by 10.
3
Calculate the remainder when 57 is divided by 4.
1
What is the remainder when 176 is divided by 49?
29
Calculate the remainder when 194 is divided by 15.
14
Calculate the remainder when 98 is divided by 64.
34
What is the remainder when 962 is divided by 311?
29
What is the remainder when 142 is divided by 68?
6
What is the remainder when 305 is divided by 115?
75
Calculate the remainder when 3149 is divided by 1570.
9
What is the remainder when 157 is divided by 29?
12
What is the remainder when 49 is divided by 5?
4
What is the remainder when 198 is divided by 56?
30
What is the remainder when 22837 is divided by 24?
13
Calculate the remainder when 124 is divided by 49.
26
What is the remainder when 305 is divided by 22?
19
Calculate the remainder when 725 is divided by 14.
11
What is the remainder when 20 is divided by 10?
0
What is the remainder when 1351 is divided by 1294?
57
What is the remainder when 3426 is divided by 73?
68
Calculate the remainder when 4002 is divided by 28.
26
Calculate the remainder when 94 is divided by 24.
22
What is the remainder when 184 is divided by 11?
8
What is the remainder when 400 is divided by 45?
40
What is the remainder when 48706 is divided by 11?
9
Calculate the remainder when 980 is divided by 16.
4
Calculate the remainder when 173 is divided by 46.
35
Calculate the remainder when 130 is divided by 17.
11
What is the remainder when 746 is divided by 56?
18
What is the remainder when 8559 is divided by 20?
19
Calculate the remainder when 46 is divided by 4.
2
What is the remainder when 287 is divided by 64?
31
Calculate the remainder when 1217 is divided by 24.
17
What is the remainder when 152 is divided by 31?
28
Calculate the remainder when 4402 is divided by 17.
16
Calculate the remainder when 169 is divided by 85.
84
What is the remainder when 1832 is divided by 101?
14
Calculate the remainder when 1449 is divided by 674.
101
Calculate the remainder when 3354 is divided by 84.
78
What is the remainder when 132 is divided by 17?
13
Calculate the remainder when 873 is divided by 217.
5
Calculate the remainder when 858 is divided by 42.
18
What is the remainder when 3027 is divided by 17?
1
What is the remainder when 3768 is divided by 23?
19
Calculate the remainder when 35 is divided by 25.
10
Calculate the remainder when 108 is divided by 30.
18
Calculate the remainder when 364 is divided by 184.
180
Calculate the remainder when 352 is divided by 303.
49
What is the remainder when 2352 is divided by 5?
2
Calculate the remainder when 1128 is divided by 103.
98
Calculate the remainder when 30361 is divided by 349.
347
Calculate the remainder when 142 is divided by 94.
48
Calculate the remainder when 1631 is divided by 164.
155
Calculate the remainder when 75 is divided by 35.
5
Calculate the remainder when 297 is divided by 288.
9
Calculate the remainder when 194 is divided by 96.
2
Calculate the remainder when 454 is divided by 154.
146
What is the remainder when 165 is divided by 62?
41
Calculate the remainder when 305 is divided by 78.
71
What is the remainder when 23 is divided by 9?
5
What is the remainder when 164 is divided by 55?
54
Calculate the remainder when 1001 is divided by 72.
65
What is the remainder when 2969 is divided by 10?
9
Calculate the remainder when 2278 is divided by 176.
166
Calculate the remainder when 821 is divided by 59.
54
What is the remainder when 349 is divided by 119?
111
What is the remainder when 103 is divided by 13?
12
What is the remainder when 237 is divided by 5?
2
Calculate the remainder when 160 is divided by 25.
10
What is the remainder when 841 is divided by 18?
13
What is the remainder when 202 is divided by 17?
15
Calculate the remainder when 1085 is divided by 368.
349
Calculate the remainder when 597 is divided by 30.
27
What is the remainder when 15835 is divided by 99?
94
Calculate the remainder when 4429 is divided by 143.
139
What is the remainder when 712 is divided by 65?
62
What is the remainder when 57 is divided by 23?
11
Calculate the remainder when 3706 is divided by 206.
204
What is the remainder when 75 is divided by 16?
11
What is the remainder when 175 is divided by 16?
15
Calculate the remainder when 7261 is divided by 8.
5
What is the remainder when 262 is divided by 16?
6
What is the remainder when 631 is divided by 22?
15
Calculate the remainder when 1753 is divided by 177.
160
What is the remainder when 1103 is divided by 99?
14
Calculate the remainder when 1836 is divided by 48.
12
What is the remainder when 183 is divided by 48?
39
What is the remainder when 609 is divided by 594?
15
What is the remainder when 434 is divided by 41?
24
Calculate the remainder when 24344 is divided by 45.
44
What is the remainder when 122 is divided by 19?
8
Calculate the remainder when 211 is divided by 18.
13
Calculate the remainder when 911 is divided by 80.
31
What is the remainder when 68 is divided by 14?
12
Calculate the remainder when 48 is divided by 4.
0
What is the remainder when 67 is divided by 16?
3
What is the remainder when 192 is divided by 15?
12
Calculate the remainder when 80 is divided by 28.
24
Calculate the remainder when 890 is divided by 155.
115
What is the remainder when 47 is divided by 30?
17
What is the remainder when 79 is divided by 54?
25
What is the remainder when 283 is divided by 116?
51
Calculate the remainder when 112 is divided by 46.
20
What is the remainder when 68 is divided by 44?
24
Calculate the remainder when 40 is divided by 6.
4
Calculate the remainder when 1688 is divided by 283.
273
Calculate the remainder when 66 is divided by 64.
2
Calculate the remainder when 82 is divided by 31.
20
What is the remainder when 1721 is divided by 14?
13
Calculate the remainder when 374 is divided 